 the tens digit of 18?
1
What is the thousands digit of 10480?
0
What is the units digit of 517?
7
What is the ten thousands digit of 57738?
5
What is the tens digit of 5028?
2
What is the ten thousands digit of 32668?
3
What is the thousands digit of 14053?
4
What is the tens digit of 2358?
5
What is the hundreds digit of 8238?
2
What is the hundreds digit of 112?
1
What is the hundreds digit of 1233?
2
What is the tens digit of 27332?
3
What is the hundreds digit of 681?
6
What is the units digit of 11697?
7
What is the ten thousands digit of 213742?
1
What is the ten thousands digit of 29883?
2
What is the hundreds digit of 110450?
4
What is the hundreds digit of 63876?
8
What is the thousands digit of 6960?
6
What is the hundreds digit of 45333?
3
What is the hundreds digit of 4017?
0
What is the thousands digit of 4836?
4
What is the tens digit of 944?
4
What is the units digit of 6799?
9
What is the units digit of 30520?
0
What is the tens digit of 46?
4
What is the units digit of 2167?
7
What is the units digit of 9963?
3
What is the thousands digit of 4622?
4
What is the tens digit of 2022?
2
What is the thousands digit of 9454?
9
What is the thousands digit of 27005?
7
What is the hundreds digit of 694?
6
What is the hundreds digit of 402?
4
What is the units digit of 8727?
7
What is the hundreds digit of 1294?
2
What is the tens digit of 88366?
6
What is the hundreds digit of 4072?
0
What is the units digit of 86566?
6
What is the tens digit of 2015?
1
What is the tens digit of 4172?
7
What is the units digit of 543?
3
What is the hundreds digit of 724?
7
What is the units digit of 103?
3
What is the thousands digit of 1955?
1
What is the units digit of 596?
6
What is the tens digit of 11391?
9
What is the hundreds digit of 1625?
6
What is the units digit of 62?
2
What is the hundreds digit of 11661?
6
What is the hundreds digit of 5302?
3
What is the units digit of 872?
2
What is the hundreds digit of 2236?
2
What is the hundreds digit of 3749?
7
What is the hundreds digit of 468?
4
What is the tens digit of 27186?
8
What is the hundreds digit of 7941?
9
What is the units digit of 33893?
3
What is the units digit of 5721?
1
What is the tens digit of 8588?
8
What is the thousands digit of 24938?
4
What is the tens digit of 4456?
5
What is the hundreds digit of 2807?
8
What is the tens digit of 38176?
7
What is the tens digit of 2813?
1
What is the thousands digit of 7212?
7
What is the units digit of 144?
4
What is the hundreds digit of 54352?
3
What is the hundreds digit of 18058?
0
What is the thousands digit of 4304?
4
What is the thousands digit of 29609?
9
What is the units digit of 3978?
8
What is the tens digit of 65409?
0
What is the thousands digit of 1974?
1
What is the units digit of 82890?
0
What is the tens digit of 582?
8
What is the tens digit of 7884?
8
What is the hundreds digit of 7821?
8
What is the ten thousands digit of 36013?
3
What is the units digit of 980?
0
What is the units digit of 4501?
1
What is the thousands digit of 7854?
7
What is the ten thousands digit of 10363?
1
What is the units digit of 3633?
3
What is the tens digit of 2666?
6
What is the hundreds digit of 2101?
1
What is the units digit of 99329?
9
What is the ten thousands digit of 14710?
1
What is the units digit of 14788?
8
What is the units digit of 9848?
8
What is the thousands digit of 94224?
4
What is the hundreds digit of 16169?
1
What is the units digit of 91486?
6
What is the hundreds digit of 23908?
9
What is the hundreds digit of 1854?
8
What is the tens digit of 2845?
4
What is the ten thousands digit of 64980?
6
What is the hundreds digit of 17289?
2
What is the hundreds digit of 14468?
4
What is the units digit of 26729?
9
What is the units digit of 323?
3
What is the tens digit of 1788?
8
What is the thousands digit of 2991?
2
What is the hundreds digit of 705?
7
What is the tens digit of 16742?
4
What is the units digit of 32675?
5
What is the tens digit of 126774?
7
What is the hundreds digit of 4470?
4
What is the units digit of 1483?
3
What is the hundreds digit of 4271?
2
What is the hundreds digit of 6239?
2
What is the hundreds digit of 3914?
9
What is the thousands digit of 2536?
2
What is the thousands digit of 6651?
6
What is the ten thousands digit of 64855?
6
What is the units digit of 53855?
5
What is the units digit of 362?
2
What is the hundreds digit of 1220?
2
What is the thousands digit of 7861?
7
What is the tens digit of 25029?
2
What is the hundreds digit of 81547?
5
What is the tens digit of 14520?
2
What is the units digit of 61?
1
What is the ten thousands digit of 69144?
6
What is the tens digit of 192?
9
What is the units digit of 145?
5
What is the hundreds digit of 26755?
7
What is the thousands digit of 13897?
3
What is the units digit of 143909?
9
What is the tens digit of 483?
8
What is the tens digit of 375?
7
What is the tens digit of 67377?
7
What is the tens digit of 75860?
6
What is the units digit of 93858?
8
What is the thousands digit of 3933?
3
What is the thousands digit of 2249?
2
What is the tens digit of 22795?
9
What is the tens digit of 20964?
6
What is the units digit of 5431?
1
What is the hundreds digit of 3601?
6
What is the tens digit of 776?
7
What is the tens digit of 51460?
6
What is the hundreds digit of 571?
5
What is the units digit of 3686?
6
What is the units digit of 33619?
9
What is the thousands digit of 2200?
2
What is the hundreds digit of 1977?
9
What is the tens digit of 24880?
8
What is the units digit of 5720?
0
What is the ten thousands digit of 12163?
1
What is the hundreds digit of 5568?
5
What is the hundreds digit of 207?
2
What is the ten thousands digit of 126341?
2
What is the units digit of 5437?
7
What is the units digit of 10816?
6
What is the tens digit of 525?
2
What is the thousands digit of 34958?
4
What is the tens digit of 28802?
0
What is the thousands digit of 2398?
2
What is the tens digit of 706?
0
What is the tens digit of 752?
5
What is the tens digit of 1470?
7
What is the ten thousands digit of 155071?
5
What is the tens digit of 392?
9
What is the hundreds digit of 1220?
2
What is the hundreds digit of 85496?
4
What is the units digit of 979?
9
What is the units digit of 30846?
6
What is the tens digit of 19323?
2
What is the hundreds digit of 31494?
4
What is the thousands digit of 19083?
9
What is the units digit of 180?
0
What is the hundreds digit of 1474?
4
What is the thousands digit of 4905?
4
What is the tens digit of 2641?
4
What is the units digit of 27?
7
What is the ten thousands digit of 10736?
1
What is the hundreds digit of 21658?
6
What is the thousands digit of 15869?
5
What is the hundreds digit of 880?
8
What is the units digit of 2643?
3
What is the hundreds digit of 537?
5
What is the thousands digit of 8928?
8
What is the tens digit of 508?
0
What is the tens digit of 785?
8
What is the units digit of 5370?
0
What is the units digit of 54637?
7
What is the hundreds digit of 3317?
3
What is the tens digit of 1291?
9
What is the hundreds digit of 174440?
4
What is the tens digit of 4986?
8
What is the hundreds digit of 2475?
4
What is the units digit of 3036?
6
What is the thousands digit of 6486?
6
What is the units digit of 4577?
7
What is the units digit of 374?
4
What is the units digit of 15780?
0
What is the thousands digit of 5864?
5
What is the tens digit of 9985?
8
What is the thousands digit of 5144?
5
What is the tens digit of 5833?
3
What is the thousands digit of 14298?
4
What is the hundreds digit of 84048?
0
What is the hundreds digit of 5347?
3
What is the thousands digit of 8317?
8
What is the ten thousands digit of 11107?
1
What is the hundreds digit of 6110?
1
What is the thousands digit of 5534?
5
What is the units digit of 975?
5
What is the ten thousands digit of 18992?
1
What is the tens digit of 9055?
5
What is the thousands digit of 88668?
8
What is the units digit of 709?
9
What is the ten thousands digit of 26073?
2
What is the hundreds digit of 96680?
6
What is the hundreds digit of 52490?
4
What is the tens digit of 25447?
4
What is the thousands digit of 69573?
9
What is the units digit of 5872?
2
What is the tens digit of 2241?
4
What is the tens digit of 4218?
1
What is the hundr